 of 201726?
2, 3, 7, 1601
List the prime factors of 10027752.
2, 3, 7, 8527
What are the prime factors of 266477?
266477
What are the prime factors of 19122477?
3, 11, 4789
What are the prime factors of 7153575?
3, 5, 11, 13, 23, 29
List the prime factors of 12716649.
3, 11, 47, 911
What are the prime factors of 23342232?
2, 3, 877, 1109
What are the prime factors of 1946387?
149, 13063
What are the prime factors of 23017?
23017
What are the prime factors of 482162?
2, 491
List the prime factors of 2732771.
269, 10159
List the prime factors of 2904182.
2, 67, 21673
What are the prime factors of 2880131?
2880131
List the prime factors of 108954.
2, 3, 6053
List the prime factors of 2888001.
3, 106963
List the prime factors of 7518438.
2, 3, 417691
List the prime factors of 1051040.
2, 5, 6569
List the prime factors of 203808.
2, 3, 11, 193
List the prime factors of 2964544.
2, 11, 4211
List the prime factors of 1291181.
31, 41651
List the prime factors of 351807.
3, 117269
List the prime factors of 1175567.
17, 69151
List the prime factors of 424087.
277, 1531
What are the prime factors of 1942389?
3, 19, 37, 307
List the prime factors of 498467.
498467
List the prime factors of 3156146.
2, 7, 59, 3821
List the prime factors of 8854536.
2, 3, 368939
List the prime factors of 1981191.
3, 47, 14051
List the prime factors of 297292.
2, 74323
List the prime factors of 1138296.
2, 3, 43, 1103
What are the prime factors of 3539?
3539
List the prime factors of 143192.
2, 7, 2557
List the prime factors of 770732.
2, 43, 4481
What are the prime factors of 4365796?
2, 1021, 1069
List the prime factors of 4311972.
2, 3, 7, 71, 241
What are the prime factors of 337458?
2, 3, 11, 5113
List the prime factors of 1655227.
7, 236461
List the prime factors of 1272791.
13, 19, 5153
What are the prime factors of 721516?
2, 180379
What are the prime factors of 599859?
3, 13, 1709
List the prime factors of 9376692.
2, 3, 13, 60107
What are the prime factors of 32177811?
3, 19, 564523
What are the prime factors of 516808?
2, 64601
List the prime factors of 103287.
3, 34429
What are the prime factors of 878164?
2, 7, 79, 397
List the prime factors of 308977.
31, 9967
List the prime factors of 15354920.
2, 5, 7, 29, 31, 61
List the prime factors of 5486958.
2, 3, 304831
What are the prime factors of 142109?
11, 12919
What are the prime factors of 14569997?
13, 73, 1181
List the prime factors of 6869005.
5, 11, 13, 739
What are the prime factors of 169155?
3, 5, 7, 179
What are the prime factors of 15842?
2, 89
What are the prime factors of 1173013?
1173013
List the prime factors of 522418.
2, 13, 71, 283
What are the prime factors of 2908601?
2908601
What are the prime factors of 1305511?
1305511
What are the prime factors of 18608874?
2, 3, 3101479
What are the prime factors of 369047?
7, 52721
What are the prime factors of 76976?
2, 17, 283
List the prime factors of 25649.
13, 1973
What are the prime factors of 4258369?
4258369
List the prime factors of 3960784.
2, 23, 47, 229
What are the prime factors of 252579?
3, 59, 1427
List the prime factors of 35615762.
2, 7, 13, 195691
What are the prime factors of 33110423?
191, 229, 757
What are the prime factors of 359010?
2, 3, 5, 3989
List the prime factors of 56109.
3, 59, 317
What are the prime factors of 18622994?
2, 13, 281, 2549
What are the prime factors of 648348?
2, 3, 97, 557
What are the prime factors of 35968179?
3, 13, 922261
What are the prime factors of 333895?
5, 43, 1553
List the prime factors of 5287199.
5287199
List the prime factors of 12385348.
2, 97, 137, 233
What are the prime factors of 945112?
2, 7, 2411
List the prime factors of 205399.
205399
List the prime factors of 12970637.
41, 47, 53, 127
List the prime factors of 4148852.
2, 1037213
What are the prime factors of 10470262?
2, 11, 475921
List the prime factors of 50844.
2, 3, 19, 223
List the prime factors of 1352967.
3, 7, 11, 5857
What are the prime factors of 3115487?
19, 163973
What are the prime factors of 9692?
2, 2423
List the prime factors of 5301182.
2, 139, 19069
What are the prime factors of 16859593?
19, 859, 1033
List the prime factors of 453114.
2, 3, 2797
What are the prime factors of 654959?
17, 59, 653
What are the prime factors of 2176801?
11, 197891
List the prime factors of 9817355.
5, 1963471
What are the prime factors of 6532?
2, 23, 71
List the prime factors of 1306821.
3, 53, 8219
What are the prime factors of 15303923?
15303923
What are the prime factors of 4217203?
4217203
List the prime factors of 142756.
2, 89, 401
What are the prime factors of 18137?
7, 2591
List the prime factors of 128499.
3, 7, 29, 211
What are the prime factors of 190225?
5, 7, 1087
List the prime factors of 3701338.
2, 31, 59699
What are the prime factors of 17503759?
7, 13, 23, 8363
What are the prime factors of 765201?
3, 379, 673
What are the prime factors of 85892?
2, 109, 197
List the prime factors of 2288744.
2, 17, 16829
What are the prime factors of 888733?
653, 1361
What are the prime factors of 3449887?
7, 19, 25939
List the prime factors of 4848698.
2, 2424349
List the prime factors of 2467191.
3, 643, 1279
What are the prime factors of 503569?
11, 45779
List the prime factors of 1222921.
7, 174703
What are the prime factors of 16945003?
31, 546613
List the prime factors of 2383564.
2, 179, 3329
What are the prime factors of 1742542?
2, 871271
List the prime factors of 25975.
5, 1039
List the prime factors of 66581.
139, 479
What are the prime factors of 166739?
166739
What are the prime factors of 65373?
3, 7, 11, 283
What are the prime factors of 1853563?
1853563
What are the prime factors of 405910?
2, 5, 40591
What are the prime factors of 630535?
5, 126107
What are the prime factors of 535712?
2, 16741
What are the prime factors of 287975?
5, 11519
List the prime factors of 105948.
2, 3, 109
List the prime factors of 4289486.
2, 2144743
List the prime factors of 512446.
2, 11, 23293
What are the prime factors of 500789?
149, 3361
List the prime factors of 567287.
7, 81041
List the prime factors of 3061214.
2, 13, 281, 419
List the prime factors of 2211722.
2, 1105861
What are the prime factors of 127026?
2, 3, 7057
What are the prime factors of 288633?
3, 96211
What are the prime factors of 228657?
3, 11, 13, 41
What are the prime factors of 323531?
13, 41, 607
What are the prime factors of 772490?
2, 5, 77249
What are the prime factors of 132790?
2, 5, 7, 271
What are the prime factors of 190586?
2, 11, 8663
What are the prime factors of 28270?
2, 5, 11, 257
List the prime factors of 5118392.
2, 251, 2549
What are the prime factors of 116922?
2, 3, 13, 1499
What are the prime factors of 1319610?
2, 3, 5, 43987
List the prime factors of 1531762.
2, 765881
List the prime factors of 874772.
2, 383, 571
What are the prime factors of 74963?
7, 10709
List the prime factors of 7034742.
2, 3, 11, 13, 911
List the prime factors of 359082.
2, 3, 19949
List the prime factors of 6675891.
3, 131, 16987
List the prime factors of 11231472.
2, 3, 7, 33427
List the prime factors of 235687.
211, 1117
List the prime factors of 6352544.
2, 11, 18047
List the prime factors of 783740.
2, 5, 149, 263
What are the prime factors of 244963?
29, 8447
What are the prime factors of 1619428?
2, 61, 6637
What are the prime factors of 5280360?
2, 3, 5, 79, 557
What are the prime factors of 1442115?
3, 5, 73, 439
List the prime factors of 2111290.
2, 5, 211129
List the prime factors of 97868.
2, 43, 569
What are the prime factors of 2016674?
2, 11, 31, 2957
What are the prime factors of 763504?
2, 7, 17, 401
What are the prime factors of 10084671?
3, 1120519
What are the prime factors of 665052?
2, 3, 157, 353
List the prime factors of 33896.
2, 19, 223
List the prime factors of 1913298.
2, 3, 318883
List the prime factors of 1708057.
13, 83, 1583
What are the prime factors of 2920490?
2, 5, 19, 809
What are the prime factors of 11150351?
17, 59, 11117
What are the prime factors of 733455?
3, 5, 1811
What are the prime factors of 763025?
5, 23, 1327
List the prime factors of 3832713.
3, 425857
What are the prime factors of 428833?
428833
What are the prime factors of 388434?
2, 3, 41, 1579
What are the prime factors of 411110?
2, 5, 7, 839
What are th